
Is 86129937863 a composite number?
False
Is 1265104163 a composite number?
False
Is 134754149 composite?
True
Is 34558036503 prime?
False
Is 50816529273 a composite number?
True
Is 998071183 prime?
False
Is 2101923209 composite?
False
Is 12334799 a prime number?
False
Is 2790632023 composite?
False
Is 2123548201 prime?
True
Is 166066286783 a prime number?
False
Is 312730169 a prime number?
True
Is 33611273 a prime number?
False
Is 2530043471 a composite number?
False
Is 2278973167 a prime number?
False
Is 34607559953 a composite number?
True
Is 113865175213 a composite number?
False
Is 1958558263 a composite number?
True
Is 23535120611 a composite number?
True
Is 24667992457 a prime number?
True
Is 19464611 a composite number?
False
Is 2832210701 a composite number?
False
Is 52081867 prime?
False
Is 40606505801 composite?
True
Is 2204596297 prime?
False
Is 15750726587 a composite number?
True
Is 245934061 composite?
True
Is 58752691 prime?
True
Is 2410364429 a prime number?
False
Is 22194190199 a composite number?
False
Is 85851814283 composite?
False
Is 5708660911 a composite number?
True
Is 11534399297 composite?
True
Is 19806337 composite?
False
Is 1775663 prime?
True
Is 10588199 prime?
False
Is 22580751163 composite?
True
Is 991181996711 prime?
True
Is 972238921 composite?
False
Is 36821123 prime?
False
Is 1051391053 a prime number?
False
Is 84485543111 a prime number?
False
Is 596027609 prime?
True
Is 242095363 a composite number?
True
Is 2523524923 a composite number?
False
Is 829536287 a prime number?
True
Is 754567589 a composite number?
False
Is 48781541129 prime?
True
Is 58230139273 prime?
False
Is 4831077367 prime?
True
Is 1330708801 composite?
False
Is 491420917 a prime number?
False
Is 1775778619 a composite number?
False
Is 251082867755 a composite number?
True
Is 49708074995 prime?
False
Is 4860300273 a composite number?
True
Is 34832208511 composite?
False
Is 480216791 prime?
True
Is 1570883959 composite?
False
Is 9959275423 composite?
False
Is 2746345621 composite?
True
Is 5527722037 a prime number?
False
Is 82131179 a prime number?
False
Is 4166443835 composite?
True
Is 14558982203 composite?
False
Is 575013697 composite?
False
Is 2822635379 a composite number?
False
Is 6299748347 a composite number?
False
Is 13795451197 a prime number?
False
Is 25246454771 a composite number?
False
Is 139380420497 a composite number?
True
Is 366061359311 composite?
False
Is 91553904521 a composite number?
False
Is 180476343059 a prime number?
True
Is 12220292283 composite?
True
Is 240066863 a composite number?
True
Is 3091480927 composite?
False
Is 47357081 prime?
True
Is 2505241198 a prime number?
False
Is 3390874183 a composite number?
True
Is 55626523 prime?
True
Is 4121680967 a composite number?
False
Is 117971626109 a composite number?
False
Is 449354995 composite?
True
Is 314347354 prime?
False
Is 8844490717 composite?
False
Is 801931843 a prime number?
True
Is 14769295733 composite?
True
Is 1158269011 a prime number?
True
Is 115105517 a composite number?
False
Is 269648629 prime?
True
Is 1061716057 a composite number?
False
Is 60915633577 a prime number?
True
Is 16798136011 composite?
True
Is 53217259517 a prime number?
True
Is 77610023 prime?
False
Is 9434089937 prime?
True
Is 3925829441 a composite number?
True
Is 1203296461 a prime number?
False
Is 219385751987 composite?
False
Is 1011697859 prime?
False
Is 615467791 prime?
True
Is 1249118147 a composite number?
False
Is 1179561143 prime?
True
Is 4649567807 a composite number?
False
Is 96844307281 a composite number?
False
Is 861616727 prime?
False
Is 4540499377 composite?
False
Is 16789620977 a composite number?
True
Is 16562125235 composite?
True
Is 1041193379 composite?
True
Is 50052415849 composite?
False
Is 289080907 composite?
True
Is 327363001417 a prime number?
True
Is 44396971999 a prime number?
True
Is 50298758161 a composite number?
True
Is 3692229883 a composite number?
False
Is 17421388409 a prime number?
True
Is 262371539 a prime number?
False
Is 5641275323 composite?
True
Is 3592543837 prime?
False
Is 166723079 a composite number?
False
Is 2179604243 prime?
False
Is 1248251761 composite?
True
Is 465201497 composite?
True
Is 17813326093 a prime number?
True
Is 246394201 a prime number?
True
Is 157195671 prime?
False
Is 472821953 composite?
False
Is 243074471 a composite number?
False
Is 2438377001 a prime number?
True
Is 261413611 composite?
True
Is 5282711179 a prime number?
False
Is 1874006809 composite?
False
Is 421510319 prime?
False
Is 13923479023 a composite number?
False
Is 862190389 a prime number?
True
Is 39703490851 a composite number?
False
Is 10575473 prime?
True
Is 3377482193 a composite number?
True
Is 10370041159 composite?
True
Is 874760131 a prime number?
False
Is 1681394791 prime?
True
Is 1851685333 composite?
False
Is 235223689 a prime number?
False
Is 4278063757 composite?
True
Is 1602261553 a prime number?
True
Is 133348981369 composite?
True
Is 9946330949 prime?
False
Is 10817568109 prime?
False
Is 16567420607 a prime number?
True
Is 52288213597 a composite number?
False
Is 1637543569 prime?
True
Is 2412544567 a prime number?
True
Is 32548229893 a composite number?
True
Is 2801394671 prime?
False
Is 1700136941 composite?
True
Is 2912745067 composite?
False
Is 622693534 a prime number?
False
Is 776938033 prime?
False
Is 188889405121 a prime number?
False
Is 15967511399 composite?
True
Is 15745905751 composite?
False
Is 91840311821 composite?
False
Is 11706898421 composite?
True
Is 1113804161 prime?
True
Is 540279251 composite?
True
Is 5470559495 a composite number?
True
Is 1219053959 prime?
True
Is 4474076137 prime?
True
Is 1021937347 prime?
False
Is 37793615021 composite?
False
Is 570871199 prime?
True
Is 10125971903 a composite number?
True
Is 14815586077 prime?
True
Is 8032131583 composite?
True
Is 156024040567 a composite number?
True
Is 1750202339 composite?
True
Is 69196423253 a composite number?
False
Is 270010907 composite?
False
Is 2946953857 composite?
False
Is 79324878427 a composite number?
False
Is 2103578777 a composite number?
True
Is 1119063019 a composite number?
False
Is 17997794759 a prime number?
False
Is 10004712749 a composite number?
False
Is 13335321049 a prime number?
False
Is 546104791 a composite number?
True
Is 21822562667 a prime number?
False
Is 284613258737 a composite number?
True
Is 5998401343 prime?
False
Is 2912130653 prime?
True
Is 4791096803 a composite number?
False
Is 10707123887 a composite number?
False
Is 543086543 prime?
True
Is 449305933 prime?
True
Is 2318063597 prime?
False
Is 50220461 composite?
False
Is 428008181 a prime number?
True
Is 617677345 prime?
False
Is 3545536111 a composite number?
True
Is 42714763123 a prime number?
True
Is 103048421629 prime?
True
Is 144267830977 a prime number?
True
Is 2444687761 a composite number?
False
Is 461294893 prime?
False
Is 1175846233 prime?
False
Is 1521117307 a composite number?
False
Is 82539665617 a prime number?
True
Is 810767707 composite?
True
Is 1043762431 composite?
False
Is 1351965759 composite?
True
Is 25123223 prime?
False
Is 5142975113 prime?
False
Is 2913652363 a prime number?
False
Is 50579392537 a composite number?
True
Is 12957758027 a composite number?
False
Is 21553244527 prime?
False
Is 2034084359 a composite number?
False
Is 33009736519 prime?
False
Is 473184331 prime?
True
Is 96325662451 a composite number?
False
Is 1042702637 composite?
True
Is 3391192309 composite?
False
Is 961261117 composite?
False
Is 36539461729 prime?
False
Is 252282875335 a composite number?
True
Is 3647452799 a composite number?
True
Is 878587621 a prime number?
False
Is 9273804187 a composite number?
True
Is 80003228353 prime?
True
Is 14308556789 composite?
True
Is 983401 a prime number?
False
Is 10265750453 a prime number?
False
Is 121054007 a prime number?
False
Is 1503677561 composite?
False
Is 45622124657 a composite number?
False
Is 38844119 a composite number?
False
Is 21268982129 prime?
False
Is 7430987177 composite?
True
Is 1968673703 prime?
False
Is 53007156841 a composite number?
False
Is 26826350891 prime?
True
Is 135806662763 a composite number?
False
Is 67361696173 prime?
True
Is 5437066811 a prime number?
False
Is 45862324139 a composite numbe